349 is divided by 25?
24
Calculate the remainder when 237 is divided by 6.
3
Calculate the remainder when 523 is divided by 402.
121
What is the remainder when 144 is divided by 29?
28
What is the remainder when 158 is divided by 53?
52
Calculate the remainder when 109 is divided by 47.
15
Calculate the remainder when 12911 is divided by 22.
19
What is the remainder when 188 is divided by 12?
8
Calculate the remainder when 186 is divided by 8.
2
Calculate the remainder when 663 is divided by 109.
9
Calculate the remainder when 117 is divided by 11.
7
Calculate the remainder when 4043 is divided by 213.
209
Calculate the remainder when 227 is divided by 112.
3
Calculate the remainder when 105 is divided by 25.
5
Calculate the remainder when 101 is divided by 46.
9
What is the remainder when 645 is divided by 645?
0
Calculate the remainder when 68 is divided by 15.
8
What is the remainder when 1385 is divided by 106?
7
What is the remainder when 82 is divided by 41?
0
Calculate the remainder when 118 is divided by 20.
18
What is the remainder when 705 is divided by 697?
8
Calculate the remainder when 214 is divided by 31.
28
Calculate the remainder when 597 is divided by 8.
5
What is the remainder when 64 is divided by 11?
9
Calculate the remainder when 113 is divided by 4.
1
What is the remainder when 429 is divided by 177?
75
What is the remainder when 591 is divided by 11?
8
What is the remainder when 12255 is divided by 32?
31
What is the remainder when 4078 is divided by 120?
118
What is the remainder when 1284 is divided by 86?
80
What is the remainder when 188 is divided by 18?
8
What is the remainder when 1174 is divided by 6?
4
Calculate the remainder when 67 is divided by 14.
11
Calculate the remainder when 227 is divided by 51.
23
Calculate the remainder when 62 is divided by 17.
11
Calculate the remainder when 746 is divided by 10.
6
Calculate the remainder when 152 is divided by 39.
35
Calculate the remainder when 350 is divided by 88.
86
What is the remainder when 159 is divided by 47?
18
What is the remainder when 48 is divided by 45?
3
Calculate the remainder when 1960 is divided by 653.
1
Calculate the remainder when 2885 is divided by 14.
1
What is the remainder when 1803 is divided by 162?
21
Calculate the remainder when 515 is divided by 58.
51
Calculate the remainder when 83 is divided by 17.
15
What is the remainder when 45 is divided by 4?
1
What is the remainder when 2534 is divided by 59?
56
What is the remainder when 108 is divided by 3?
0
Calculate the remainder when 27615 is divided by 71.
67
Calculate the remainder when 1307 is divided by 16.
11
Calculate the remainder when 425 is divided by 88.
73
What is the remainder when 557 is divided by 93?
92
Calculate the remainder when 129 is divided by 22.
19
What is the remainder when 1885 is divided by 938?
9
Calculate the remainder when 12 is divided by 11.
1
What is the remainder when 2049 is divided by 41?
40
Calculate the remainder when 370 is divided by 123.
1
Calculate the remainder when 4815 is divided by 219.
216
What is the remainder when 32 is divided by 5?
2
Calculate the remainder when 893 is divided by 14.
11
Calculate the remainder when 1325 is divided by 17.
16
What is the remainder when 1216 is divided by 137?
120
What is the remainder when 588 is divided by 75?
63
Calculate the remainder when 440 is divided by 156.
128
What is the remainder when 569 is divided by 3?
2
What is the remainder when 4423 is divided by 232?
15
Calculate the remainder when 12527 is divided by 54.
53
Calculate the remainder when 7995 is divided by 16.
11
Calculate the remainder when 2037 is divided by 339.
3
Calculate the remainder when 37 is divided by 21.
16
Calculate the remainder when 5137 is divided by 25.
12
Calculate the remainder when 353 is divided by 38.
11
Calculate the remainder when 156 is divided by 23.
18
Calculate the remainder when 188 is divided by 124.
64
What is the remainder when 874 is divided by 311?
252
Calculate the remainder when 15 is divided by 8.
7
What is the remainder when 16280 is divided by 27?
26
What is the remainder when 896 is divided by 24?
8
What is the remainder when 827 is divided by 113?
36
What is the remainder when 1536 is divided by 767?
2
Calculate the remainder when 134 is divided by 15.
14
Calculate the remainder when 1595 is divided by 47.
44
Calculate the remainder when 13 is divided by 7.
6
Calculate the remainder when 914 is divided by 23.
17
What is the remainder when 12337 is divided by 62?
61
Calculate the remainder when 2251 is divided by 187.
7
What is the remainder when 2482 is divided by 32?
18
What is the remainder when 143 is divided by 14?
3
What is the remainder when 4388 is divided by 401?
378
Calculate the remainder when 446 is divided by 37.
2
What is the remainder when 68 is divided by 13?
3
Calculate the remainder when 113 is divided by 31.
20
What is the remainder when 9685 is divided by 19?
14
Calculate the remainder when 52 is divided by 29.
23
Calculate the remainder when 283 is divided by 15.
13
Calculate the remainder when 6858 is divided by 10.
8
What is the remainder when 1737 is divided by 16?
9
What is the remainder when 1146 is divided by 14?
12
Calculate the remainder when 251 is divided by 51.
47
Calculate the remainder when 153 is divided by 18.
9
What is the remainder when 68 is divided by 14?
12
Calculate the remainder when 556 is divided by 1.
0
What is the remainder when 91 is divided by 17?
6
Calculate the remainder when 1741 is divided by 134.
133
What is the remainder when 96 is divided by 67?
29
What is the remainder when 1143 is divided by 72?
63
What is the remainder when 286 is divided by 29?
25
Calculate the remainder when 1138 is divided by 18.
4
Calculate the remainder when 91 is divided by 16.
11
What is the remainder when 551 is divided by 8?
7
Calculate the remainder when 680 is divided by 38.
34
Calculate the remainder when 381 is divided by 35.
31
Calculate the remainder when 108 is divided by 23.
16
Calculate the remainder when 100 is divided by 34.
32
Calculate the remainder when 1851 is divided by 17.
15
What is the remainder when 1362 is divided by 62?
60
What is the remainder when 4626 is divided by 26?
24
Calculate the remainder when 45 is divided by 13.
6
Calculate the remainder when 2015 is divided by 12.
11
Calculate the remainder when 229 is divided by 3.
1
Calculate the remainder when 818 is divided by 15.
8
What is the remainder when 460 is divided by 22?
20
What is the remainder when 741 is divided by 121?
15
Calculate the remainder when 165 is divided by 14.
11
Calculate the remainder when 29 is divided by 5.
4
Calculate the remainder when 735 is divided by 366.
3
What is the remainder when 3494 is divided by 159?
155
Calculate the remainder when 477 is divided by 20.
17
What is the remainder when 971 is divided by 25?
21
Calculate the remainder when 64 is divided by 1.
0
Calculate the remainder when 54 is divided by 42.
12
Calculate the remainder when 549 is divided by 542.
7
Calculate the remainder when 94 is divided by 91.
3
What is the remainder when 2644 is divided by 189?
187
Calculate the remainder when 857 is divided by 36.
29
Calculate the remainder when 690 is divided by 231.
228
Calculate the remainder when 23 is divided by 23.
0
What is the remainder when 144 is divided by 38?
30
Calculate the remainder when 5287 is divided by 129.
127
What is the remainder when 448 is divided by 48?
16
Calculate the remainder when 3709 is divided by 70.
69
What is the remainder when 542 is divided by 91?
87
What is the remainder when 1498 is divided by 4?
2
Calculate the remainder when 392 is divided by 127.
11
What is the remainder when 8434 is divided by 19?
17
What is the remainder when 10653 is divided by 48?
45
Calculate the remainder when 861 is divided by 54.
51
What is the remainder when 40 is divided by 22?
18
Calculate the remainder when 516 is divided by 8.
4
What is the remainder when 571 is divided by 11?
10
What is the remainder when 1076 is divided by 98?
96
What is the remainder when 801 is divided by 13?
8
What is the remainder when 3533 is divided by 1160?
53
What is the remainder when 221 is divided by 80?
61
What is the remainder when 2649 is div